en 194251 is divided by 573?
4
Calculate the remainder when 8732 is divided by 2825.
257
Calculate the remainder when 1986 is divided by 1608.
378
Calculate the remainder when 112322 is divided by 497.
0
Calculate the remainder when 70256 is divided by 1033.
12
What is the remainder when 43519 is divided by 156?
151
Calculate the remainder when 7854 is divided by 320.
174
What is the remainder when 11372 is divided by 158?
154
Calculate the remainder when 84647 is divided by 460.
7
Calculate the remainder when 9578 is divided by 1910.
28
Calculate the remainder when 67925 is divided by 3991.
78
What is the remainder when 10949 is divided by 3638?
35
Calculate the remainder when 177934 is divided by 16.
14
What is the remainder when 68 is divided by 68?
0
Calculate the remainder when 226368 is divided by 42.
30
What is the remainder when 5643 is divided by 1871?
30
What is the remainder when 242735 is divided by 2290?
2285
What is the remainder when 9936 is divided by 368?
0
What is the remainder when 4615 is divided by 668?
607
What is the remainder when 1556 is divided by 98?
86
Calculate the remainder when 973 is divided by 155.
43
Calculate the remainder when 8871554 is divided by 105.
104
What is the remainder when 6359 is divided by 74?
69
What is the remainder when 2325 is divided by 187?
81
What is the remainder when 5399 is divided by 455?
394
What is the remainder when 313175 is divided by 104362?
89
What is the remainder when 21799 is divided by 7206?
181
Calculate the remainder when 156377 is divided by 201.
200
Calculate the remainder when 10476 is divided by 99.
81
Calculate the remainder when 31307 is divided by 3111.
197
What is the remainder when 296083 is divided by 167?
159
Calculate the remainder when 148975 is divided by 52.
47
What is the remainder when 237425 is divided by 461?
10
What is the remainder when 4078 is divided by 20?
18
What is the remainder when 39070 is divided by 40?
30
What is the remainder when 183057 is divided by 14?
7
Calculate the remainder when 1142 is divided by 647.
495
Calculate the remainder when 308719 is divided by 168.
103
Calculate the remainder when 15589 is divided by 380.
9
Calculate the remainder when 10200 is divided by 179.
176
What is the remainder when 456598 is divided by 150?
148
What is the remainder when 569 is divided by 340?
229
Calculate the remainder when 215 is divided by 97.
21
What is the remainder when 45457 is divided by 50?
7
Calculate the remainder when 47215 is divided by 96.
79
What is the remainder when 162042 is divided by 131?
126
Calculate the remainder when 89960 is divided by 14988.
32
Calculate the remainder when 20933 is divided by 86.
35
What is the remainder when 19539 is divided by 611?
598
Calculate the remainder when 174 is divided by 150.
24
What is the remainder when 16821 is divided by 3364?
1
What is the remainder when 7186 is divided by 25?
11
Calculate the remainder when 1441 is divided by 87.
49
What is the remainder when 21967 is divided by 14?
1
Calculate the remainder when 72961 is divided by 2433.
2404
What is the remainder when 23774 is divided by 487?
398
What is the remainder when 9782 is divided by 553?
381
Calculate the remainder when 317925 is divided by 5780.
25
Calculate the remainder when 2283075 is divided by 142.
141
What is the remainder when 4079 is divided by 30?
29
Calculate the remainder when 86811 is divided by 4.
3
What is the remainder when 1137 is divided by 940?
197
Calculate the remainder when 3980 is divided by 3966.
14
Calculate the remainder when 54397 is divided by 41.
31
What is the remainder when 23196 is divided by 45?
21
What is the remainder when 262542 is divided by 251?
247
Calculate the remainder when 2122 is divided by 1036.
50
Calculate the remainder when 173622 is divided by 78.
72
Calculate the remainder when 698974 is divided by 12.
10
What is the remainder when 9006 is divided by 63?
60
Calculate the remainder when 6538 is divided by 274.
236
Calculate the remainder when 8365 is divided by 47.
46
Calculate the remainder when 1308444 is divided by 76967.
5
What is the remainder when 4717 is divided by 1220?
1057
Calculate the remainder when 110406 is divided by 10.
6
Calculate the remainder when 22784 is divided by 431.
372
What is the remainder when 3052 is divided by 361?
164
Calculate the remainder when 30256 is divided by 10.
6
Calculate the remainder when 20948 is divided by 654.
20
Calculate the remainder when 16788 is divided by 669.
63
Calculate the remainder when 160863 is divided by 498.
9
Calculate the remainder when 4449 is divided by 317.
11
What is the remainder when 261045 is divided by 43506?
9
Calculate the remainder when 8593 is divided by 70.
53
What is the remainder when 12573 is divided by 837?
18
What is the remainder when 6295 is divided by 61?
12
Calculate the remainder when 51140 is divided by 257.
254
What is the remainder when 9260 is divided by 416?
108
What is the remainder when 333882 is divided by 564?
558
What is the remainder when 97027 is divided by 24247?
39
What is the remainder when 4698 is divided by 1334?
696
Calculate the remainder when 6212 is divided by 2654.
904
Calculate the remainder when 172722 is divided by 987.
984
Calculate the remainder when 19918 is divided by 19914.
4
What is the remainder when 2369650 is divided by 1820?
10
What is the remainder when 3510063 is divided by 862?
861
Calculate the remainder when 5361 is divided by 357.
6
What is the remainder when 7445 is divided by 166?
141
Calculate the remainder when 107973 is divided by 44.
41
Calculate the remainder when 3404 is divided by 427.
415
Calculate the remainder when 105124 is divided by 279.
220
Calculate the remainder when 77201 is divided by 3.
2
What is the remainder when 371406 is divided by 75?
6
What is the remainder when 5671 is divided by 1880?
31
Calculate the remainder when 7259458 is divided by 52.
50
What is the remainder when 259750 is divided by 632?
630
Calculate the remainder when 26325 is divided by 6581.
1
What is the remainder when 5395 is divided by 171?
94
What is the remainder when 426 is divided by 90?
66
What is the remainder when 276824 is divided by 15?
14
Calculate the remainder when 8019 is divided by 89.
9
Calculate the remainder when 8132 is divided by 49.
47
What is the remainder when 73383 is divided by 24442?
57
What is the remainder when 18094 is divided by 329?
328
Calculate the remainder when 665 is divided by 141.
101
What is the remainder when 133813 is divided by 344?
341
Calculate the remainder when 769099 is divided by 965.
959
Calculate the remainder when 4790 is divided by 4364.
426
What is the remainder when 27791 is divided by 77?
71
What is the remainder when 59398 is divided by 592?
198
What is the remainder when 17875 is divided by 8932?
11
Calculate the remainder when 55481 is divided by 55463.
18
What is the remainder when 51482 is divided by 108?
74
Calculate the remainder when 90709 is divided by 134.
125
Calculate the remainder when 2454 is divided by 2450.
4
Calculate the remainder when 821894 is divided by 20.
14
What is the remainder when 97825 is divided by 342?
13
Calculate the remainder when 1565 is divided by 1251.
314
What is the remainder when 2241032 is divided by 7?
3
What is the remainder when 29477 is divided by 409?
29
What is the remainder when 11144 is divided by 3652?
188
Calculate the remainder when 87686 is divided by 14.
4
Calculate the remainder when 755 is divided by 431.
324
Calculate the remainder when 7885 is divided by 306.
235
What is the remainder when 202613 is divided by 47?
43
Calculate the remainder when 12403 is divided by 95.
53
Calculate the remainder when 64313 is divided by 374.
359
Calculate the remainder when 11828 is divided by 130.
128
What is the remainder when 123791 is divided by 52?
31
Calculate the remainder when 7047 is divided by 1591.
683
What is the remainder when 3144 is divided by 1525?
94
What is the remainder when 50019 is divided by 6191?
491
Calculate the remainder when 15762 is divided by 424.
74
What is the remainder when 659 is divided by 129?
14
Calculate the remainder when 13530 is divided by 3381.
6
Calculate the remainder when 14342 is divided by 3566.
78
Calculate the re